31. Is d prime?
False
Suppose s = 4*q - 795, -14*s = -4*q - 15*s + 797. Is q prime?
True
Let p = 7 - -3. Suppose p*a = 5*a + 130. Suppose 121 = 5*w + a. Is w prime?
True
Let n be 0/(0 + -3 + 2). Let x be n + 3/(-3) + 3. Suppose -261 = -h - x*h. Is h prime?
False
Suppose -6252 = -3*g - 3*q, 2408 = 2*g - 3*q - 1745. Is g prime?
True
Let m be (-2 - 1) + 6 + 2. Suppose -4*j = 4*n - 44, 3*j = -m*n + 44 - 1. Suppose -z - 715 = -j*z. Is z a prime number?
False
Suppose 0 = 6*r - 14 - 10. Is ((-230)/r)/(-3 + 20/8) a composite number?
True
Let k be -1 + (2 - 3) - 2128. Let i = 3113 + k. Is i a composite number?
False
Let f(u) = 16*u**2 + 20*u - 19. Is f(-48) a composite number?
True
Let x(f) = 7*f**2 + 48*f + 229. Is x(28) a composite number?
True
Suppose 45*o + 3836 = 307091. Is o a composite number?
True
Suppose 12*i - 47994 = 124434. Is i a composite number?
False
Suppose 0 = -n - 4, -5*h = n + n + 58. Let t = h - -15. Suppose t*y - 195 = -0*y. Is y prime?
False
Suppose -u = -h + 7301, 4*h + 0*u + 3*u = 29218. Is h a prime number?
False
Suppose -29*z + 42*z - 61451 = 0. Is z a prime number?
False
Let j(q) = 2*q**3 + 17*q**2 - 15*q + 1. Let g be (-210)/(-245)*1*7. Is j(g) prime?
False
Is 13 + -9 + (1 - -41806) + -4 a composite number?
True
Let g(a) be the second derivative of a**4/4 + 3*a**3/2 + 9*a**2/2 - 30*a. Is g(-5) a composite number?
True
Suppose -4*v - 66 - 498 = 0. Suppose 421 = 2*w + 3*n, -178 = -w - n + 35. Let t = v + w. Is t prime?
False
Suppose 6*t - 40 = -10. Suppose -2*o - 3*k = -9454, -t*o + 2*o + 2*k + 14155 = 0. Is o a composite number?
False
Let m = 49 - 49. Is (-233 + m)*6/(-6) a prime number?
True
Let i = 5840 + -1659. Is i a prime number?
False
Suppose 3*y + d = -0*y + 4, 3*d + 2 = 5*y. Suppose 4*f - 21 + y = 0. Suppose f*v + 3*a - 235 = 5*a, 59 = v + 2*a. Is v composite?
True
Suppose 4*z - 45 + 49 = 0. Suppose 6*y + 28 = 4*y. Is (-3759)/y - z/2 prime?
True
Let x = 1303 - -1230. Is x a composite number?
True
Suppose 5*s = -4*u + 7744, 12*s = u + 9*s - 1953. Is u composite?
True
Suppose 3*y - 11129 = -4*f, -4*y - 5561 = -2*f - 9*y. Suppose -2*l - 9*l = -f. Is l a composite number?
True
Let j(d) = -195*d**2 + 5*d - 1. Let g be 6/(-9) + (-2)/6. Let r(l) = l**2 - l. Let x(z) = g*j(z) - 6*r(z). Is x(1) composite?
False
Suppose -4*h + 112 = -11*h. Let t = h + 78. Is t prime?
False
Suppose -2*k = -2*n + 36, -2*n - k = -n - 8. Let b(u) = -u**3 + 12*u**2 + 13*u + 3. Let d be b(n). Suppose -118 = d*w - 5*w. Is w composite?
False
Let j = 3026 + -1288. Suppose b - 606 = 5*y, -5*y = 2*b + b - j. Is b a prime number?
False
Let m be (-4 - (69 + 0))*-4. Suppose -3*y + 899 + m = 4*p, p = y - 397. Is y prime?
True
Let n = -311 + 7345. Suppose -5*b + 2839 = q, 3*q - 1407 = 4*b + n. Is q composite?
False
Let z(r) = -114*r**3 - 15*r**2 + 7*r + 15. Is z(-8) prime?
True
Let b(u) = 5*u**2 - 6*u - 61. Is b(-7) a prime number?
False
Let s(g) = 102*g - 38. Let r be s(-6). Let h = r - -1569. Is h prime?
True
Is (-6 - -6) + -4 + 561 a prime number?
True
Suppose 5*y - 88 = -3*l + 2*l, 71 = 4*y + l. Let z(w) = -2*w**2 + 3*w - 5. Let r be z(2). Let v = y + r. Is v composite?
True
Let g be 1/(1/9*3). Suppose -j = g*o - 178, -3*j + 4*o + 534 = -0*o. Is j a composite number?
True
Let v be (630/(-54))/((2/(-12))/1). Is (-56)/v + (-7389)/(-5) a composite number?
True
Suppose 7*a + 51 = 4*a. Let n = 17 + a. Suppose n = 2*f - 283 + 113. Is f composite?
True
Let m = 12 + 0. Let x be (-1)/((m/2002)/(-6)). Suppose -8*c + 4*c + x = -i, 2*i = 6. Is c composite?
False
Is -8 - (-128895)/52 - 1/(-4) a prime number?
False
Let x(j) = 14*j**2 + 7*j - 3. Let l be x(5). Suppose -l = -u + 61. Is u composite?
False
Let n = 402 - -93. Suppose 3*j - 78 = n. Is j a prime number?
True
Is (1*24117)/(19*51/323) prime?
True
Let f be 10/2 + 70*1. Suppose 10*d = f + 3635. Is d a composite number?
True
Suppose -4*f - 11 = -47. Suppose -u = -4*u + f. Suppose 0*j = 2*j - 10, -u*t = -j - 394. Is t a composite number?
True
Suppose -2*i + 7131 + 3475 = 0. Is i a prime number?
True
Suppose -l = 1, 5*t - 3243 = -5*l + 7017. Is t composite?
False
Suppose -17*n = 11*n - 153804. Is n a prime number?
False
Suppose 0*l = -l. Suppose l*a = 4*a - 3*y - 6, -2*y = 3*a + 4. Is (-26)/(a - (-4)/(-6)) a prime number?
False
Let g(s) = 44*s + 11. Suppose -c + 10 = 3. Is g(c) prime?
False
Suppose -o - 10 = -2*b, -2*o + 2 + 14 = 5*b. Let i = 2 + 2. Suppose -2*m + 4*m = i*j + 146, -b*j = -8. Is m prime?
False
Let p be (-6071)/(-65) + (3/5 - 0). Let u = 237 + p. Is u a composite number?
False
Suppose 0 = 4*y - 15 + 3. Let o be (-4)/(-8) - (-1251)/2. Suppose o = y*f + 53. Is f a prime number?
True
Let r = -7210 + 10111. Is r a prime number?
False
Let c(f) = 5254*f**2 - 23*f + 70. Is c(3) a prime number?
True
Suppose 2*x - 6*x = -4*n - 181124, -5*x + 4*n + 226405 = 0. Is x composite?
False
Suppose 344*p - 376424 = 336*p. Is p a prime number?
False
Suppose -3*q + d = -2*d - 1986, -3*q + d = -1996. Is q a prime number?
False
Let a(q) = 11*q**2 + 16*q + 8. Let d be a(9). Suppose -o + 2*p = -1037, -9*o + 8*o = 4*p - d. Is o prime?
True
Let z(q) = -60*q - 41. Suppose 2*i = 2*m - 44, -2*i + 100 = -7*i + 3*m. Is z(i) a prime number?
False
Let b be (-12)/(-10)*(-10)/(-3). Suppose 4*a + b = -20. Is (14/a)/((-9)/54) a prime number?
False
Let c = 2988 + 1715. Is c a composite number?
False
Let b(z) = -z + 6. Let o be b(7). Is o/(-6) + 249/18 a composite number?
True
Let u be 1 + 488 + (3 + -2 - 1). Let g = u + -134. Is g composite?
True
Let o(j) = -644*j + 29. Is o(-3) a composite number?
True
Let g = 45 + 0. Let a = g - 34. Is a composite?
False
Suppose 3*t + t - 8 = 0. Let n(f) = 2*f**3 + 36*f**2 - 4*f - 72. Let h be n(-18). Suppose 289 = j + 4*y + 42, h = t*j + 4*y - 514. Is j prime?
False
Let k(g) = -135*g + 67. Is k(-6) prime?
True
Suppose -33*q + 21985 = -28*q. Is q a prime number?
True
Suppose 30*l - 211069 = 498821. Is l prime?
True
Let d(f) = -18*f + 10. Let t(w) = -36*w + 19. Let u(m) = 9*d(m) - 4*t(m). Is u(-6) composite?
True
Let l = -1540 - 5908. Let x = -5055 - l. Is x a prime number?
True
Let r(j) = 43*j**3 + 8*j**2 - 6*j + 4. Is r(3) prime?
False
Let k(n) = 1566*n - 91. Is k(4) a composite number?
False
Suppose 0 = 7*t - 8884 - 993. Is t composite?
True
Let f be 4/(-2) - (-1788)/(-1). Suppose -25350 = -23*i + 13*i. Let u = i + f. Is u a prime number?
False
Suppose 9*k = 4*k + 10495. Is k composite?
False
Let b(x) = x**3 - 12*x**2 + 16*x - 16. Let a be b(11). Let u = 6 - a. Is 1/(9/(-123))*u a prime number?
False
Is (-3084)/9*(-174)/8 prime?
False
Suppose -246*n + 242*n + h + 30561 = 0, -5*h - 30581 = -4*n. Is n a composite number?
False
Suppose -27*z = -23*z - 1052. Is z prime?
True
Let q be (26595/(-60))/(3/(-8)). Suppose q = 5*t - 353. Is t composite?
False
Suppose -14384 = -u + 3*u. Let k = -15296 + u. Is k/(-28) + (-1)/7 composite?
True
Let d(h) = 10*h**2 + 72*h + 1. Is d(-37) prime?
True
Let h(i) = -274*i - 5 - 1195*i - 5*i. Is h(-1) a composite number?
True
Let u(k) = 9968*k**2 - 1. Is u(-1) prime?
True
Let y be 22/(1 + 0) + -2. Suppose 2*j + n - 630 = 0, y = -4*n - n. Is j a prime number?
True
Suppose 0*r = -3*r + 18. Let a = -6 - r. Let d = a - -127. Is d a prime number?
False
Let k(y) = -y**2 - 10*y - 12. Let o be k(-8). Suppose 5*w - 2*w = 12. Suppose -804 = -o*z + 4*f, w*z + 5*f + 0*f - 804 = 0. Is z composite?
True
Let o = -4408 - -8387. Is o a prime number?
False
Let p(v) = -864*v + 377. Is p(-19) a prime number?
False
Let h = -1617 + 5160. Is h a prime number?
False
Let o = -82 + 77. Is o - ((-315)/5 - -5) composite?
False
Suppose -x + 78 + 41 = 0. Let u = 113 + -170. Let d = u + x. Is d a prime number?
False
Suppose -z = 3*h + 3*z - 2533, -5*h + z = -4237. Let c = h + -474. Is c a prime number?
True
Let n(a) be the third derivative of a**5/60 + a**3/6 + 3*a**2. Let l be n(2). Suppose -g + l*o = 4*g - 35, 4 = o. Is g prime?
True
Let u = -3121 + 4744. Is u prime?
False
Let n = 1446 - -1253. Is n a composite number?
False
Let q(t) = -1958*t**3 + 3*t**2 + 12*t + 1. Is q(-2) prime?
False
Suppose 0 = 3*h - 4*h + 2*c - 2, 3*h - 16 = -5*c. Suppose 4*g + g = 5*v + 13025, 0 = h*v + 4. Is g a composite number?
True
Suppose a = -y + 288, -a + 288 = y + a. Let u = -194 + y. Is u a composite number?
True
Sup